. Suppose -2*v = -a + 4. Suppose m - 6 = 5*p + 6, 2*m - v = p. Give j(m).
0
Let w = 89 - 86. Suppose 3*s = 5*a + w, -4*s - 2 = 2*a + 20. Let q(p) be the third derivative of -p**4/24 - 2*p**3/3 + p**2. What is q(a)?
-1
Let k(t) = -8*t + 24. Let x be k(3). Let g(m) be the third derivative of m**4/24 - 5*m**3/3 - m**2. Calculate g(x).
-10
Let g(q) be the third derivative of -1/6*q**3 + 0 + 1/20*q**5 + 0*q - 1/12*q**4 - 18*q**2. Give g(-1).
4
Let v(t) = 7*t - 9*t - 8*t - 8*t + 9*t. Determine v(-2).
18
Let a(b) = -b**3 + b**2 + b - 6. Let p(d) = 2*d**3 - d**2 - 19*d + 8. Let r be p(-3). Determine a(r).
-8
Let p(w) = 6*w**3 - 4*w**2 - w + 5. Let q(f) = 7*f**3 - 5*f**2 - f + 7. Let r(c) = 4*p(c) - 3*q(c). Determine r(-1).
-4
Let n be 4/(-6) + (-4)/(-6). Let h = 0 + n. Let o(b) = -5*b + 8. Let y(g) = -4*g + 7. Let j(x) = 3*o(x) - 4*y(x). Calculate j(h).
-4
Let q(o) = -o**2 + 5*o + 59. Let k be q(10). Suppose m - w + 10 = 0, w + 30 = 5*m - k*m. Let y(s) = s + 6. Calculate y(m).
-2
Let z(q) = q**3 - 4*q**2 - 16*q + 17. Let n = 656 + -650. Determine z(n).
-7
Let k(p) = p**3 - 3*p**2 - 6*p + 4. Let h(f) be the second derivative of f**4/12 + f**3/6 + 24*f. Let x(b) = 2*h(b) + k(b). Calculate x(3).
10
Let c(g) = -g**2 + 2*g - 8. Let l be c(2). Let y(i) = -6*i - 53. What is y(l)?
-5
Let p(u) be the first derivative of u**5/10 - u**4/6 - u**3/3 + u**2/2 + 20*u - 17. Let a(f) be the first derivative of p(f). Give a(2).
5
Let c be (-46)/(-8) + 1/4. Suppose 3*p + c = 9. Let a(u) = 10*u**3 - 1. What is a(p)?
9
Let m(a) be the first derivative of -a**4/4 + 7*a**3/3 - 5*a**2/2 - 3*a - 4. Suppose 4*n = -14 + 86. Suppose 3*z + 0*z - n = 0. Determine m(z).
3
Let b(m) = 9*m**3 + m**2 - 1. Suppose -10 = -26*n + 36*n. Determine b(n).
-9
Let o = -6 - -8. Suppose o*p - 12 = -0*p. Let y(g) = 2*g**3 + 8*g**2 + 4*g. Let j(q) = 5*q**3 + 23*q**2 + 13*q - 1. Let u(m) = 3*j(m) - 8*y(m). Calculate u(p).
3
Let z(y) = y + 3. Let x = -6 + 10. Let b = -3 - x. What is z(b)?
-4
Let u(o) = 4*o - 2*o**3 + 143 - 149 - 4*o**3 + 5*o**3 + 5*o**2. What is u(5)?
14
Let p = 17 - 19. Let q(f) = f**3 - 6*f**2 - 3*f + 6. Let d(v) = -v**2. Let k(g) = p*d(g) + q(g). Determine k(4).
-6
Let z(x) = 7*x**2 + 12*x + 19. Let d(t) = -5*t**2 - 13*t - 20. Let p(f) = -4*d(f) - 3*z(f). Determine p(17).
6
Suppose 4*m + 2*o = 0, 22*o + 1 = 5*m + 24*o. Let g(k) be the third derivative of -k**5/40 + k**3/3 + k**2. Let d(a) be the first derivative of g(a). Give d(m).
-3
Let t(v) = 7*v**2 + v + 4. Let w(j) = -4*j**2 - j - 2. Let b(p) = 3*t(p) + 5*w(p). Let o be (-40)/25*15/6. Let m be (10/o - -1)/((-3)/8). Give b(m).
10
Let l(r) be the third derivative of r**4/6 - 7*r**3/2 - 116*r**2. Calculate l(7).
7
Let p(a) = 3*a**3 - 3*a + 1. Let m(t) = 4*t**3 + t**2 - 4*t + 2. Let f(r) = 2*m(r) - 3*p(r). Give f(3).
-5
Let i(n) = n**2 - n + 6. Let z be (-3 + (-6)/(-3))*0. Suppose q + 3*q = z. Calculate i(q).
6
Suppose 0 = -4*u + 2*u + 4. Let n(v) = v + 8 - v**2 + 0*v**u + 6*v. Suppose 2*h + 10 = 7*h - 5*j, 5*h + 2*j = 38. What is n(h)?
14
Let i be ((-2)/(-6))/((-145)/2610). Let m(x) = 4*x + 5. What is m(i)?
-19
Let y(z) = 3*z + 28. Suppose -c - 5*n - 21 = -16, 2*n = 5*c + 25. Calculate y(c).
13
Let t(f) be the second derivative of -f**5/20 - 3*f**4/4 - f**3/3 - 7*f**2 + 24*f. Let b be t(-9). Let u(w) = w**2 - 2*w - 5. Give u(b).
3
Let n be (-21)/7 + 6/2. Let b(o) = 1. Let w be (-4)/6 - 2/6. Let i(l) = l + 5. Let f(c) = w*i(c) + b(c). Determine f(n).
-4
Let q(s) be the third derivative of s**5/60 - 5*s**4/24 - s**3/6 + 183*s**2. Give q(4).
-5
Let j be -9 + 6 - 12/(-2). Let k(f) be the first derivative of -f**3/3 + f**2 - 4*f + 47. Give k(j).
-7
Let n(y) = 5 - 6 - y + 2*y**2 - y**3 - 2*y**2 - 4*y**2. Determine n(-4).
3
Let r(c) = -c**2 + 0 + 101*c - 114*c - 2 - 5. What is r(-12)?
5
Let d = 11 + -6. Let c(r) = -4*r + 3 + 2 + 5 - 3. What is c(d)?
-13
Let g = 0 - -52. Let f = 57 - g. Let k(h) be the first derivative of h**3/3 - 7*h**2/2 - 1. What is k(f)?
-10
Let x = 3 + -10. Let c(z) = -1277 + z + 2556 - 1285. Calculate c(x).
-13
Let f(g) = g - 3. Let d = -18 + 43. Suppose -d*z = -26*z + 12. Suppose 0 = -7*j + 11*j - z. Determine f(j).
0
Let h be (-25 - -25)/(-3 + 0 - -2). Let m(i) = 2*i**2 + i - 2. Give m(h).
-2
Let n(k) be the third derivative of k**8/20160 + k**7/1260 + k**6/144 - 2*k**5/15 + 5*k**2. Let w(s) be the third derivative of n(s). Determine w(-5).
10
Let d(y) be the first derivative of -y**4/4 - 4*y**3 + 4*y - 156. Determine d(-12).
4
Let d(g) be the second derivative of 11*g**5/120 - 13*g**3/3 + 5*g. Let c(o) be the second derivative of d(o). Give c(1).
11
Let g(z) = -z**3 - 4*z**2 + 2*z + 3. Let i(c) = -c**3 - 3*c**2 + 3. Let k(p) = 3*g(p) - 2*i(p). What is k(-7)?
10
Suppose -200*d + 6 = -194*d. Let y(c) = -40*c. Determine y(d).
-40
Let h(s) be the first derivative of -s**4/24 - 4*s**3/3 - s**2/2 + 11. Let x(b) be the second derivative of h(b). Give x(-9).
1
Let x(p) = -p**3 - 4*p**2 - 3*p - 2. Let t(r) = -r**2 + 10*r - 6. Let a be t(10). Let y = -4 - a. Suppose 3*b - y*b = -3. What is x(b)?
-2
Let i = 6 + -4. Suppose -i*m - 5*k + 22 = 0, 0*m - 5*k + 40 = 5*m. Let v(o) = -o**3 + 6*o**2 + 2*o - 6. Calculate v(m).
6
Let i(j) = -j + 11. Let g be i(8). Suppose 2*b - 3 = g*z, -2*z + 7 = b + 2. Let c(t) be the third derivative of 11*t**4/24 + t**2. Calculate c(z).
11
Let t(z) = 3 + 761*z - 382*z - z**2 - z**3 - 375*z. Give t(-3).
9
Suppose 4*u = -2*v - 32, 17 + 11 = -3*v + 4*u. Let y(k) = 8*k + 97. Give y(v).
1
Let a be 2*(-7 + 3 + 8). Let w(u) = u**2 - 9*u - 1. What is w(a)?
-9
Let u be 35/1 + -3 + -2. Suppose u = -4*n - n. Let c(v) = v**3 + 6*v + 5. Let r(g) = g**3 + g**2 + 6*g + 5. Let x(h) = n*r(h) + 5*c(h). What is x(-5)?
0
Let v(g) = 2*g**2 + 3*g - 4. Let n be v(-4). Let x = n + -14. Let w(r) = r**3 - 1 - 10*r**3 - r**3 - r**x - 2*r. Determine w(-1).
10
Let c = -10 + 16. Let o(u) = 5*u**2 + u**2 - 1 - 7*u + c*u. Let i(z) = z**2 - 4*z - 6. Let t be i(5). What is o(t)?
6
Let c(d) = d**2 - d + 1. Let x be 34/(-10) - 10/(-25) - -4. What is c(x)?
1
Let i(v) = 4*v**2 - 2*v**3 - v**3 + 50*v - 2*v**2 - 51*v - 5*v**3. Let b be -1 + (-2 - (-2 - 2)). What is i(b)?
-7
Let f(s) be the second derivative of s**3/3 - 3*s**2/2 + 2*s - 35. Let o(v) = 2*v - 11. Let p be o(8). Determine f(p).
7
Suppose 0 = -p - 4*z + 6, -9*z + 9 = 2*p - 4*z. Let d(m) = -12 + 4*m**p - 9*m - 5*m**2 - 9*m. Let s be d(-17). Let h(f) = -f + 6. Calculate h(s).
1
Let t(a) = -a**2 - 10*a - 5. Suppose 5*o + 41 = 3*w + 43, -4*o = 5*w + 65. Give t(w).
4
Let d(a) = 15*a + 142 - 252 + a**2 + 124. What is d(-11)?
-30
Suppose 4*y = 2*y. Suppose 4*i - 1 = 2*p - 5, -i + 3*p - 11 = y. Let x(l) = -8*l**2 - 1. What is x(i)?
-9
Suppose -3*g + 2 - 5 = 0. Let y(f) = 8*f**3 - 3*f**2 + 13*f + 21. Let q(p) = -3*p**3 + p**2 - 5*p - 8. Let w(a) = 13*q(a) + 5*y(a). Calculate w(g).
-2
Let p(y) = -y**2 + 5*y + 7. Let g = -25 - -16. Let m = -4 - g. Give p(m).
7
Let d(x) be the first derivative of -x**4/4 + 10*x**3/3 - 7*x**2 + 10*x - 49. Determine d(9).
-35
Suppose -r = 1, 5*y + 4*r = r - 3. Suppose 0 = 3*j - y*j - 6. Let n(q) = 2*q**2 + 2*q - 1. Give n(j).
11
Let l(p) = -3 - 4*p + 0*p - p**2 - 1 + 3 + 5*p**2. Give l(3).
23
Suppose 182*p = 166*p - 112. Let g(y) = 6*y + 6. Let j(b) = -11*b - 13. Let w(l) = 7*g(l) + 4*j(l). Give w(p).
4
Let o(a) = 6*a**2 - a - 1. Let s = -276 - -275. Calculate o(s).
6
Let b(i) be the second derivative of -1/6*i**3 + 0 - 1/2*i**2 - 3*i. Let r = 15 + -19. Give b(r).
3
Let x(p) = p**3 + 10*p**2 + 7*p - 7. Suppose 8*g - 30 = 3*g. Suppose g*h + 38 + 16 = 0. Determine x(h).
11
Let w(p) = p**3 - 6*p**2 + p - 11. Suppose 5*g + 19 - 49 = 0. Determine w(g).
-5
Let k be (2 - (3 - -5))/(-2). Let i(l) = 3 + k*l - l - l. What is i(-5)?
-2
Let s(y) = 35 - 2*y + 21 - 72. What is s(0)?
-16
Let o(p) be the first derivative of -3/2*p**2 + 10*p + 39. Give o(7).
-11
Let f = 25 + -13. Suppose t + f = 16. Let g(w) be the third derivative of -w**4/12 + 5*w**3/6 + w**2. What is g(t)?
-3
Let p(r) = -r**2 - 5*r - 3. Suppose 0 = -2*n + 3*d + 14 + 11, n - 3*d = 5. Let b be -1*1 - (24 - 2). Let k = n + b. Determine p(k).
3
Let s(u) = -31*u - 23*u - 32*u + 87*u - 2. Determine s(-3).
-5
Let r(i) = -7*i**2 - 1. Let c(n) = -13*n**2 + n - 1. Let p be (11/(-2))/(2/4). Let o(k) = p*r(